me factors of o.
5, 1051
Suppose 553*a - 507*a - 889840 + 227854 = 0. List the prime factors of a.
3, 13, 41
Let s(t) be the first derivative of 41*t**2/2 - 201*t - 133. List the prime factors of s(11).
2, 5
Suppose 390*h - 789*h = -394*h - 167170. What are the prime factors of h?
2, 73, 229
What are the prime factors of 1662/(14 - 8)*57?
3, 19, 277
Let z = -3909 + 24708. What are the prime factors of z?
3, 2311
What are the prime factors of (-54018)/(-4) + (-1023)/(-186)?
2, 5, 7, 193
Let r be 1 - 2 - (3 + 1 + -7). Let n(m) = -m**3 - 23*m - 7*m**r + 14*m + 4 - 12. List the prime factors of n(-7).
5, 11
Let t(r) = -r**3 + 14*r**2 - 12*r - 20. Let u(g) = -g + 10. Let m be u(-2). Let h be t(m). Let n = 224 - h. What are the prime factors of n?
2, 5
Let x = -89 - -78. What are the prime factors of (-1510)/(-165)*21 + 2/x?
2, 3
Let v(j) = 22*j**2 - 100*j + 22. What are the prime factors of v(22)?
2, 5, 7, 11
Let h(x) = -11*x**3 + 4*x**2 - x. Let l be h(-3). Let p(t) = 244*t - 3745. Let z be p(16). Let o = l - z. List the prime factors of o.
3, 59
Let x = 44924 + -15327. What are the prime factors of x?
17, 1741
Suppose -45 = -52*c + 37*c. What are the prime factors of (63/(-42))/(c/(-628))?
2, 157
Let u(y) = 31*y**2 - 7*y + 12. Let d(l) = -l**3 + 24*l**2 + 24*l + 29. Let p be d(25). List the prime factors of u(p).
2, 3, 5
What are the prime factors of 1/(-1) - (-18828 + 11)?
2, 3, 7
Let d(a) = -21*a + 3. Suppose -7*g = -2 + 65. What are the prime factors of d(g)?
2, 3
Suppose 2*d = h - 25 + 8, 28 = 4*h + 2*d. Let f(n) be the first derivative of 2*n**3/3 - 4*n**2 + 2*n + 179. List the prime factors of f(h).
2, 23
Suppose 5*v - v + 276 = 4*a, -5*v = -a + 77. Let d(u) = 8 + 8 + 8 + 70*u**2 - a*u**2 - 7*u. List the prime factors of d(6).
2, 3, 5
Let t(s) = -5*s + 37. Let f be t(15). Let l = f - -36. List the prime factors of (-150)/l + (-20 - -19).
2, 37
Suppose -d - 4*d = -5, -4*d - 44 = -g. List the prime factors of 8/g - (-2771)/6.
2, 3, 7, 11
Let y(a) = 7517*a**2 + a - 1. Let w be y(1). List the prime factors of (-142)/639 + (w/(-9))/(-1).
5, 167
Suppose 80*z - 120*z = 133*z - 1402857. What are the prime factors of z?
3, 17, 53
Let h = -29156 + 58371. List the prime factors of h.
5, 5843
Let u = 125639 - 70545. List the prime factors of u.
2, 13, 163
Let s(n) = -2*n**2 - 20*n + 3. Let q be s(-9). Suppose 18*a - 6 = q*a, 0 = -5*j + 5*a + 320. List the prime factors of j.
2, 31
Let m be (-1 + 4)/((-5)/(0 - -35)). Let t be (-2649)/(-12) + 2 + m/12. Suppose -2*h + t = 5*z, h + 98 = 2*z - 3*h. List the prime factors of z.
3, 5
What are the prime factors of ((-17371)/58)/(-3 - 17/(-6))?
3, 599
Let k = -9298 + 17224. List the prime factors of k.
2, 3, 1321
Let x be -8 + 15 + 958 - -4. Let j = x + -148. What are the prime factors of j?
821
Let i(v) = 5*v**2 - 11*v + 21. Let c(j) = j + 8. Let k be c(-16). What are the prime factors of i(k)?
3, 11, 13
Suppose -4233743 - 486232 = -75*o. List the prime factors of o.
13, 47, 103
Suppose -42*i + 443000 = 33*i - 376675. List the prime factors of i.
3, 3643
Suppose -2*i = -l + 16924, -36*i - 33849 = -2*l - 31*i. List the prime factors of l.
2, 8461
Let u(j) = -33*j - 95. Let c be u(-3). Let v = 20 + 4. Suppose 272 = c*d - v. List the prime factors of d.
2, 37
Let g(l) = 2*l**2 - 4*l + 30. Let x be g(7). Let u = -95 + x. Suppose -605 - 240 = -u*j. What are the prime factors of j?
13
Let y(l) = 67*l**2 - l + 1. Let c(h) = -h**2 + 16*h + 6. Let w be c(17). Let s(v) = v**2 + 9*v - 21. Let i be s(w). What are the prime factors of y(i)?
67
Let c = -42 + 45. Suppose 5*d = 2*w + c*w - 190, 4*w + 3*d - 138 = 0. Suppose -3*m = -2*m - 2*o - w, 5*m - 148 = 2*o. What are the prime factors of m?
2, 7
Let u = 28324 + -27764. What are the prime factors of u?
2, 5, 7
Let k = 290 - 1547. Let a = 2209 + k. What are the prime factors of a?
2, 7, 17
Let z(w) be the first derivative of 1/3*w**3 + 3*w - 20 + 0*w**2 - 9/2*w**4. List the prime factors of z(-2).
151
Let t = 134968 - 69108. List the prime factors of t.
2, 5, 37, 89
Let q(r) = 156*r + 152. Let f be q(-7). What are the prime factors of -7 + f/(-6 + 1)?
181
Let z = 66 + -52. Let o(j) = -j + 8. Let p be o(-11). Suppose 30 = p*a - z*a. What are the prime factors of a?
2, 3
Suppose -134*o = -103*o - 6696. Let i = -5 + -4. What are the prime factors of o/3 + 7 + i?
2, 5, 7
Suppose 45900 = 13*f - 9*f - 4*l, 4*f = 5*l + 45905. What are the prime factors of f?
2, 5, 31, 37
Let v = -28582 - -42500. What are the prime factors of v?
2, 6959
Suppose -592*o + 211*o = -31669863. What are the prime factors of o?
101, 823
Suppose -2*i = -5*i + 4*q - 4, 5*i - 5*q = -5. Let j be i/(2*6/4). Suppose j = 3*x + x - 484. List the prime factors of x.
11
Let g be ((-16)/28 + (-110416)/28)*-1. Suppose -4*b - b - 2*j = -6573, -3*b + g = j. What are the prime factors of b?
5, 263
Let k(r) = -28 + 252 - 19*r**2 + 21*r**2 - r. What are the prime factors of k(0)?
2, 7
Let u(k) = 368*k**2 - 7*k + 2. Let p be u(-4). Suppose -11*f + 22*f - p = 0. List the prime factors of f.
2, 269
Suppose 0 = -3*y - 31 + 4. Let p be (-15 - y)*1/(-2)*-5. List the prime factors of 3/(p/(-2)) + (-36)/(-10).
2
What are the prime factors of -20342*(117/(-18) - -6)?
7, 1453
List the prime factors of (2*289)/(252/2142).
17
Let t(j) = 19*j + 6. Let a(u) = -58*u - 17. Let f(g) = -3*a(g) - 8*t(g). Let q = 518 - 516. What are the prime factors of f(q)?
47
Let k be (14 - (-360)/75)/((-2)/(-80)). Suppose l + 3*a = -2*a + 355, -4*a - k = -2*l. What are the prime factors of l?
2, 5, 37
What are the prime factors of (-2)/(-8) + (-78)/24 + 13872 + -4?
5, 47, 59
Suppose 7 - 4 = f. Suppose 3*u - 2525 = 5*w - f*w, 3*u + 3*w - 2505 = 0. What are the prime factors of u?
839
Let q be (-13)/(117/42) + (-12)/(-18). Suppose -280 - 239 = -3*z. What are the prime factors of 3/(-6)*q + z + 0?
5, 7
Suppose -5*c + 143852 = -3*t, 0 = -3*c - 2*t + 56829 + 29486. What are the prime factors of c?
28771
Let u be (96/(-56))/(3/(-140)). Suppose 89*d - u*d = 15867. List the prime factors of d.
41, 43
Let c(d) = -6 - 16 + 16 - 57*d. What are the prime factors of c(-10)?
2, 3, 47
Let n(r) = -79 + 15*r - 69 - 9*r**3 + 8*r**3 + 40*r**2. List the prime factors of n(40).
2, 113
Let a = -48 - -46. Let j = a - 1. Let p = j + 78. What are the prime factors of p?
3, 5
Let h(l) = -l**3 + 4*l**2 - 6*l - 3. Let s be h(-10). Suppose -2*i + 974 = -2*j, 3*i + 2*j - s = 3*j. What are the prime factors of i?
5, 97
Let h = 87630 + -59907. What are the prime factors of h?
3, 9241
Let g = 18033 - 11148. List the prime factors of g.
3, 5, 17
Let z(p) = -8*p + 22 + 2*p + p**2 - 5*p. What are the prime factors of z(15)?
2, 41
Suppose 2*s - 22 = -2*s + 2*x, -5 = s - 4*x. Let i(p) = p**2 + 20. List the prime factors of i(s).
3, 23
Let u(s) = -6*s + 24. Let w be u(-8). Let j = w - 68. Suppose -4*n + 524 + 267 = -5*v, j*n + 3*v = 799. What are the prime factors of n?
199
Suppose -521 = 23*u + 261. Let s(a) = -a**2 - 48*a + 33. What are the prime factors of s(u)?
509
Let y(p) = 104*p + 353. List the prime factors of y(22).
19, 139
Let i(a) = -2*a + 51 - 36 + a. Let m be i(15). Suppose -4*l + 108 = -4*p - m*p, 0 = -5*l + 4*p + 138. List the prime factors of l.
2, 3, 5
Let q(o) = o**3 - o**2 + o - 2. Let b be (-2)/(-4)*(12/4 + -3). Let v be q(b). What are the prime factors of v - (-38 - -4) - 2?
2, 3, 5
Let y(j) = -9*j - 8. Let x be y(-2). Suppose 4*g - 5 = z, 0 = -2*g + z + z + x. What are the prime factors of (-1 + g)/(4/(-72))?
2, 3
Let a = 169 + -104. Let p = -114 + a. Let m = 51 - p. What are the prime factors of m?
2, 5
Suppose -222 = -32*j - 110*j + 33574. Let c(v) = v - 91. Let y be c(0). Let s = j + y. What are the prime factors of s?
3, 7
Let m(o) be the first derivative of -7*o**2 - 218*o - 25 + 192*o + 5*o**2. List the prime factors of m(-13).
2, 13
Let x be 11/5 - 36/(-45). Suppose x*a + 2346 + 4608 = 0. What are the prime factors of 2/9 + (-4 - a/18)?
5
Suppose -4*k - 9 = -0*q + 5*q, -5*k + 3*q + 35 = 0. Suppose k*m + 497 - 1981 = 0. What are the prime factors of m?
7, 53
Let n = 129 - 65. Suppose 3*c = 4*m + 9, -2*c = -4*m + 2*m - 6. Suppose m*a + n = a. List the prime factors of a.
2
Suppose -15*s + 10*s - 235 = 0. Let l = s - -51. Suppose 3*i = 5*i + 3*r - 166, -2*i = -l